 of 619?
False
Is 42588127 a multiple of 630?
False
Is 142 a factor of 1059703901?
False
Is 129998465 a multiple of 16?
False
Does 208 divide 541670760?
False
Is 39 a factor of 1378255944?
True
Is 22152240 a multiple of 40?
True
Is 125 a factor of 292057875?
True
Does 38 divide 45946775?
False
Is 28582074 a multiple of 18?
True
Is 4922 a factor of 158995366?
True
Is 120190499 a multiple of 13?
True
Is 173043 a multiple of 7?
False
Is 675 a factor of 230864071?
False
Is 27 a factor of 41608323?
True
Is 6866184 a multiple of 118?
True
Does 233 divide 94403420?
False
Does 190 divide 149838750?
True
Does 1028 divide 49115572?
False
Is 18 a factor of 353850318?
True
Does 1325 divide 36643892?
False
Is 65 a factor of 122112256?
False
Is 656 a factor of 30854304?
True
Does 350 divide 2177350?
True
Is 615785994 a multiple of 6?
True
Is 294 a factor of 1593662280?
True
Is 463 a factor of 82846383?
False
Does 5367 divide 207939727?
False
Does 56 divide 1039896088?
True
Is 3 a factor of 200756302?
False
Is 744437948 a multiple of 19?
False
Is 383744576 a multiple of 1917?
False
Is 47 a factor of 9348453?
False
Is 176770804 a multiple of 31?
True
Is 20038806 a multiple of 9?
True
Is 1742991481 a multiple of 1494?
False
Does 18 divide 247323348?
True
Is 12361223 a multiple of 3015?
False
Does 3780 divide 3023216885?
False
Is 157 a factor of 732337588?
False
Is 65461194 a multiple of 171?
True
Does 4 divide 342603058?
False
Is 21 a factor of 3621032?
False
Does 10 divide 37820650?
True
Is 10 a factor of 3349633?
False
Is 260202870 a multiple of 1110?
True
Is 903763371 a multiple of 21?
True
Does 2 divide 6749046?
True
Does 1022 divide 601488462?
False
Is 24639450 a multiple of 1507?
True
Is 3143 a factor of 625513574?
True
Is 36570648 a multiple of 24?
True
Is 118563660 a multiple of 1709?
False
Does 29 divide 231586130?
False
Is 3 a factor of 31908008?
False
Is 3625692 a multiple of 3?
True
Is 86453803 a multiple of 75?
False
Is 110414316 a multiple of 3054?
True
Is 2386448562 a multiple of 1318?
True
Is 13111910 a multiple of 35?
True
Is 136816740 a multiple of 10?
True
Is 12 a factor of 37490316?
True
Does 579 divide 805507116?
True
Is 1118 a factor of 404353768?
True
Is 3837240 a multiple of 1485?
True
Is 362582820 a multiple of 1860?
True
Does 702 divide 91362596?
False
Is 437372620 a multiple of 20?
True
Is 1758 a factor of 75467386?
False
Is 72890235 a multiple of 5?
True
Is 4 a factor of 3813532?
True
Is 8878 a factor of 3774765796?
True
Is 281831824 a multiple of 13?
False
Does 228 divide 491657148?
True
Does 26 divide 1625458380?
True
Does 69 divide 598579053?
False
Is 87 a factor of 39461761?
False
Is 31 a factor of 1158811?
True
Does 43 divide 48479963?
True
Does 38 divide 2077564054?
False
Is 54677336 even?
True
Is 20366365 a multiple of 1013?
True
Does 107 divide 13977735?
False
Is 247465056 a multiple of 68?
True
Does 121 divide 37912618?
False
Does 1326 divide 145613116?
False
Is 12 a factor of 31534061?
False
Is 947 a factor of 1432759308?
False
Is 238560390 a multiple of 95?
True
Is 3608778 a multiple of 6?
True
Is 30 a factor of 7388581?
False
Is 21 a factor of 22921185?
True
Is 11338206 a multiple of 289?
False
Is 875 a factor of 22912679?
False
Does 18 divide 221224371?
False
Is 923753 a multiple of 2?
False
Does 15 divide 66294966?
False
Is 1312 a factor of 280190720?
True
Does 14 divide 282530608?
False
Is 685721473 a multiple of 4355?
False
Does 2033 divide 3698027?
True
Does 21 divide 224886795?
True
Is 556 a factor of 1532479800?
False
Is 266998824 a multiple of 208?
False
Is 4095542 a multiple of 1382?
False
Does 146 divide 1110862754?
True
Is 49131057 a multiple of 145?
False
Is 7 a factor of 9824150?
True
Does 459 divide 71079822?
True
Is 8598884 even?
True
Does 77 divide 92127240?
False
Is 802 a factor of 5190544?
True
Is 1751443400 a multiple of 1697?
False
Is 26296528 a multiple of 59?
False
Is 1260350546 a multiple of 898?
False
Is 1251 a factor of 20009745?
True
Is 60722542 a multiple of 656?
False
Is 1318757 a multiple of 74?
False
Is 453000420 a multiple of 12?
True
Is 9515100 a multiple of 6895?
True
Is 94 a factor of 92151746?
False
Is 35797505 a multiple of 343?
False
Is 1446333 a multiple of 3?
True
Does 15 divide 11835675?
True
Is 23 a factor of 561817090?
True
Is 158857920 a multiple of 192?
True
Is 1849 a factor of 46777851?
True
Is 201782655 a multiple of 1044?
False
Is 5 a factor of 77304985?
True
Is 773042136 a multiple of 319?
False
Does 67 divide 118045290?
True
Is 122 a factor of 3010419540?
True
Does 608 divide 166236928?
True
Is 1984 a factor of 1134179392?
True
Is 27 a factor of 181737237?
False
Does 99 divide 16883191?
False
Is 877975552 a multiple of 2048?
True
Is 125 a factor of 91344982?
False
Does 4852 divide 353555536?
True
Is 528 a factor of 130563312?
True
Is 68 a factor of 37895200?
False
Is 10507306 a multiple of 193?
True
Is 6 a factor of 67271493?
False
Is 53 a factor of 455433707?
False
Is 42589664 a multiple of 1184?
True
Is 237434310 a multiple of 2055?
False
Is 37 a factor of 10151365?
False
Is 609 a factor of 54671757?
True
Does 2503 divide 256020435?
False
Does 1295 divide 580312810?
True
Is 17 a factor of 1360155128?
False
Is 56363358 a multiple of 2481?
True
Is 88 a factor of 121384825?
False
Is 4823 a factor of 3955071177?
False
Does 320 divide 162792320?
True
Does 454 divide 198962322?
True
Does 1391 divide 140282778?
False
Is 192158079 a multiple of 769?
False
Is 30089825 a multiple of 35?
False
Does 368 divide 1914177932?
False
Does 32 divide 61682884?
False
Is 10 a factor of 149835700?
True
Is 12177248 a multiple of 8?
True
Does 6135 divide 119769626?
False
Is 269 a factor of 5417387?
False
Is 1482358941 a multiple of 4?
False
Is 7717 a factor of 2761219770?
True
Does 16 divide 2360707888?
True
Is 10152936 a multiple of 72?
True
Does 44 divide 1515489499?
False
Is 83 a factor of 31043321?
False
Is 38139256 a multiple of 1439?
True
Does 13 divide 254717954?
False
Is 57237000 a multiple of 600?
True
Is 13 a factor of 44452876?
True
Is 1032460351 a multiple of 9?
False
Does 41 divide 1264752318?
False
Is 5390 a factor of 798636435?
False
Is 48848298 a multiple of 53?
True
Is 505 a factor of 75932898?
False
Is 227205080 a multiple of 73?
False
Does 23 divide 28523220?
True
Is 75 a factor of 125715000?
True
Is 14438043 a multiple of 9?
True
Is 7262460 a multiple of 108?
True
Does 345 divide 315768840?
True
Does 40 divide 150273520?
True
Is 563 a factor of 233818404?
True
Is 9 a factor of 1119049038?
True
Is 3719 a factor of 532620304?
True
Is 3837 a factor of 2875745746?
False
Does 1036 divide 32520317?
False
Is 288 a factor of 19302048?
True
Is 128 a factor of 24111744?
True
Is 22 a factor of 1660453227?
False
Is 122395602 a multiple of 566?
False
Does 258 divide 53461557?
False
Does 138 divide 153185796?
True
Is 99612919 a multiple of 608?
False
Is 859168188 a multiple of 54?
True
Is 850475600 a multiple of 25?
True
Is 687869875 a multiple of 511?
True
Is 85836624 a multiple of 30?
False
Is 65153498 a multiple of 1297?
True
Is 387222082 a multiple of 101?
True
Is 10 a factor of 50225225?
False
Does 76 divide 227663168?
True
Is 66990132 a multiple of 54?
True
Is 8 a factor of 114482663?
False
Is 1014 a factor of 1157299494?
True
Is 332384887 a multiple of 463?
False
Does 154 divide 101692514?
True
Is 106 a factor of 52861246?
True
Is 25 a factor of 17535633?
False
Is 64542612 a multiple of 2560?
False
Does 14 divide 277322290?
True
Is 14763164 a multiple of 7?
False
Is 187242587 a multiple of 321?
False
Is 120876780 a multiple of 370?
True
Is 9555280 a multiple of 70?
True
Does 141 divide 8110038?
True
Is 252279474 a multiple of 3873?
True
Does 102 divide 8753561?
False
Does 2183 divide 3706001803?
False
Is 491594432 a multiple of 63?
False
Is 188 a factor of 6437496?
True
Is 338028732 a multiple of 2748?
True
Is 52 a factor of 118591668?
True
Does 9 divide 100642815?
True
Is 450 a factor of 13809600?
True
Is 37570505 a multiple of 95?
True
Is 768125484 a multiple of 1013?
True
Is 5 a factor of 833029279?
False
Is 6 a factor of 115422361?
False
Is 865018759 a multiple of 3597?
False
Does 112 divide 749078736?
True
Is 75426420 a multiple of 15?
True
Is 16108484 a multiple of 28?
Tr